{"id":469,"date":"2025-12-22T00:55:36","date_gmt":"2025-12-22T00:55:36","guid":{"rendered":"https:\/\/alhafizoen.nl\/?page_id=469"},"modified":"2026-02-14T17:59:45","modified_gmt":"2026-02-14T16:59:45","slug":"test","status":"publish","type":"page","link":"https:\/\/alhafizoen.nl\/index.php\/over-ons\/test\/","title":{"rendered":"Het ontstaan van al-\u1e24\u0101fi\u017coen"},"content":{"rendered":"<div class=\"brz brz-root__container brz-reset-all brz-root__container-page\" >\n<section id=\"tbaulFZZ3Mx1_tbaulFZZ3Mx1\" class=\"brz-section brz-css-d-section brz-css-hrf4f6\">\n<div class=\"brz-section__content brz-section--boxed brz-css-d-sectionitem-bg brz-css-szyijp\" data-brz-custom-id=\"baL1i3q4KXF9\">\n<div class=\"brz-bg\">\n<div class=\"brz-bg-image\"><\/div>\n<div class=\"brz-bg-color\"><\/div>\n<\/div>\n<div class=\"brz-container brz-css-d-sectionitem-container brz-css-114epko\">\n<div class=\"brz-row__container brz-css-d-row-row brz-css-i6o1kg\" data-brz-custom-id=\"f9MkTAjrDrBP\">\n<div class=\"brz-row brz-css-d-row-container brz-css-s1act0\">\n<div class=\"brz-columns brz-css-d-column-column brz-css-wvvcx4\" data-brz-custom-id=\"tZo_onfBRt6w\">\n<div class=\"brz-column__items brz-css-d-column-bg brz-css-1f9p1tx\"><\/div>\n<\/div>\n<div class=\"brz-columns brz-css-d-column-column brz-css-14vn61c\" data-brz-custom-id=\"d7PhRqaGW6B8\">\n<div class=\"brz-column__items brz-css-d-column-bg brz-css-1giq3t4\">\n<div class=\"brz-row__container brz-css-d-row-row brz-css-1ii1rjo\" data-brz-custom-id=\"mq9Mtwjayq2R\">\n<div class=\"brz-row brz-row--inner brz-css-d-row-container brz-css-r-row-container brz-css-1wgmk81\">\n<div class=\"brz-columns brz-css-d-column-column brz-css-1o6tbkb\" data-brz-custom-id=\"bSvN0rWUpLbE\">\n<div class=\"brz-column__items brz-css-d-column-bg brz-css-11x3zu9\"><\/div>\n<\/div>\n<div class=\"brz-columns brz-css-d-column-column brz-css-ehh1xj\" data-brz-custom-id=\"fkTRdVSGcE6J\">\n<div class=\"brz-column__items brz-css-d-column-bg brz-css-1yiobi9\">\n<div id=\"\" class=\"brz-css-d-wrapper brz-css-rpjrdc brz-wrapper\">\n<div class=\"brz-rich-text brz-rich-text__custom brz-css-d-richtext brz-css-7bht5g\" data-brz-custom-id=\"d5xrwkYJxXkS\">\n<div data-brz-translate-text=\"1\">\n<p data-uniq-id=\"a7x1c\" data-generated-css=\"brz-css-ozGCx\" class=\"brz-tp-lg-empty brz-text-lg-center brz-ff-lobster brz-ft-google brz-fs-lg-28 brz-fss-lg-px brz-fw-lg-400 brz-ls-lg-0 brz-lh-lg-1_3 brz-vfw-lg-400 brz-fwdth-lg-100 brz-fsft-lg-0 brz-mt-lg-0 brz-css-w3cxB\"><span class=\"brz-cp-color7 brz-scp-color2\" style=\"color: rgb(203, 160, 3); text-shadow: rgba(213, 156, 4, 0.51) 1px 2px 4px;\">Inspiration is the key,<\/span><\/p>\n<p data-uniq-id=\"v3izf\" data-generated-css=\"brz-css-uzlzN\" class=\"brz-tp-lg-empty brz-text-lg-center brz-ff-lobster brz-ft-google brz-fs-lg-28 brz-fss-lg-px brz-fw-lg-400 brz-ls-lg-0 brz-lh-lg-1_3 brz-vfw-lg-400 brz-fwdth-lg-100 brz-fsft-lg-0 brz-mt-lg-0 brz-css-izyp9\"><span class=\"brz-cp-color7 brz-scp-color2\" style=\"color: rgb(203, 160, 3); text-shadow: rgba(213, 156, 4, 0.51) 1px 2px 4px;\">Jannah is the goal <\/span><\/p>\n<p class=\"brz-tp-lg-paragraph brz-css-xnssQ\" data-uniq-id=\"x1Pmd\" data-generated-css=\"brz-css-rST4b\"><\/p>\n<\/div>\n<\/div>\n<\/div>\n<\/div>\n<\/div>\n<\/div>\n<\/div>\n<\/div>\n<\/div>\n<\/div>\n<\/div>\n<div class=\"brz-row__container brz-css-d-row-row brz-css-11rrte1\" data-brz-custom-id=\"jF47FVHmrq_1\">\n<div class=\"brz-row brz-css-d-row-container brz-css-r-row-container brz-css-1u9k146\">\n<div class=\"brz-columns brz-css-d-column-column brz-css-1t8tnw1\" data-brz-custom-id=\"z82YmKxiFv4A\">\n<div class=\"brz-column__items brz-css-d-column-bg brz-css-165z910\">\n<div id=\"\" class=\"brz-css-d-wrapper brz-css-ldbt1k brz-wrapper\">\n<div class=\"brz-rich-text brz-rich-text__custom brz-css-d-richtext brz-css-sjbrry\" data-brz-custom-id=\"l7VY643Ln1_n\">\n<div data-brz-translate-text=\"1\">\n<p class=\"brz-fsft-lg-0 brz-fwdth-lg-100 brz-vfw-lg-400 brz-lh-lg-1_3 brz-ls-lg-m_1_5 brz-fw-lg-700 brz-fss-lg-px brz-fs-lg-36 brz-ft-google brz-ff-noto_serif brz-tp-lg-empty brz-text-xs-center brz-css-wDIsx\" data-uniq-id=\"fQ74O\" data-generated-css=\"brz-css-kmqia\"><span style=\"color: rgb(1, 88, 46);\">Het ontstaan van <\/span><\/p>\n<p class=\"brz-fsft-lg-0 brz-fwdth-lg-100 brz-vfw-lg-400 brz-lh-lg-1_3 brz-ls-lg-m_1_5 brz-fw-lg-700 brz-fss-lg-px brz-fs-lg-36 brz-ft-google brz-ff-noto_serif brz-tp-lg-empty brz-text-xs-center brz-css-sTOv4\" data-uniq-id=\"fQ74O\" data-generated-css=\"brz-css-kmqia\"><span style=\"color: rgb(1, 88, 46);\">al-\u1e24\u0101fi\u017coen<\/span><\/p>\n<\/div>\n<\/div>\n<\/div>\n<div id=\"\" class=\"brz-css-d-wrapper brz-css-r-wrapper brz-css-15156uf brz-wrapper\">\n<div class=\"brz-spacer brz-css-d-spacer brz-css-wqrjup\"><\/div>\n<\/div>\n<div id=\"\" class=\"brz-css-d-wrapper brz-css-1uspc52 brz-wrapper\">\n<div class=\"brz-rich-text brz-rich-text__custom brz-css-d-richtext brz-css-4i2bnp\" data-brz-custom-id=\"v2Tlv1cfZqbZ\">\n<div data-brz-translate-text=\"1\">\n<p class=\"brz-fsft-lg-0 brz-fwdth-lg-100 brz-vfw-lg-400 brz-text-xs-center brz-tp-lg-empty brz-ff-noto_serif brz-ft-google brz-fs-lg-17 brz-fss-lg-px brz-fw-lg-400 brz-ls-lg-0 brz-lh-lg-1_8 brz-css-g9CFE\" data-generated-css=\"brz-css-sgi9t\" data-uniq-id=\"fb_Gw\">In de nacht van Shab-e-bar\u0101t 1446 AH (15 februari 2025) zijn wij met drie broeders (Rashid Karimoeddin, Wahied Amirkhan en Rahied Amirkhan) begonnen met het idee voor het posten van content voor Rama\u1e0d\u0101n. <\/p>\n<p class=\"brz-fsft-lg-0 brz-fwdth-lg-100 brz-vfw-lg-400 brz-text-xs-center brz-tp-lg-empty brz-ff-noto_serif brz-ft-google brz-fs-lg-17 brz-fss-lg-px brz-fw-lg-400 brz-ls-lg-0 brz-lh-lg-1_8 brz-css-jz4vm\" data-generated-css=\"brz-css-sgi9t\" data-uniq-id=\"fb_Gw\">Voor we het wisten waren we al druk bezig met het zoeken van een gepaste naam en een logo. In de periode die volgde groeide onze volgers erg snel, van naaste familieleden naar vele broeders en zusters in binnen- en buitenland.<\/p>\n<p class=\"brz-fsft-lg-0 brz-fwdth-lg-100 brz-vfw-lg-400 brz-text-xs-center brz-tp-lg-empty brz-ff-noto_serif brz-ft-google brz-fs-lg-17 brz-fss-lg-px brz-fw-lg-400 brz-ls-lg-0 brz-lh-lg-1_8 brz-css-fmpW4\" data-generated-css=\"brz-css-oWcr7\" data-uniq-id=\"bcB7g\"><\/p>\n<p class=\"brz-fsft-lg-0 brz-fwdth-lg-100 brz-vfw-lg-400 brz-text-xs-center brz-tp-lg-empty brz-ff-noto_serif brz-ft-google brz-fs-lg-17 brz-fss-lg-px brz-fw-lg-400 brz-ls-lg-0 brz-lh-lg-1_8 brz-css-zCkke\" data-generated-css=\"brz-css-pd2p0\" data-uniq-id=\"aH0Q6\">Met de toevoeging van de zusters Shanoera Jafar en Shaahiena Jafar groeiden wij niet alleen als groep, maar werd er ook vanuit het perspectief van de zusters gekeken naar onze content en zijn er een aantal geweldige idee\u00ebn voor content ontstaan. Wij zijn er dus echt voor zowel onze broeders als onze zusters en daarmee zijn wij enorm gezegend.<\/p>\n<p class=\"brz-tp-lg-subtitle brz-text-xs-center brz-css-gAGBu\" data-generated-css=\"brz-css-whTo5\" data-uniq-id=\"vJeXQ\"><\/p>\n<\/div>\n<\/div>\n<\/div>\n<div id=\"\" class=\"brz-css-d-wrapper brz-css-r-wrapper brz-css-lbvltt brz-wrapper\">\n<div class=\"brz-spacer brz-css-d-spacer brz-css-hjpzol\"><\/div>\n<\/div>\n<\/div>\n<\/div>\n<div class=\"brz-columns brz-css-d-column-column brz-css-5wroto\" data-brz-custom-id=\"pqjmmNa26Dzo\">\n<div class=\"brz-column__items brz-css-d-column-bg brz-css-13rbsb4\">\n<div id=\"\" class=\"brz-css-d-wrapper brz-css-djtox0 brz-wrapper\">\n<div class=\"brz-image brz-css-d-image-urqa2bu8a6g6-parent brz-css-1gz0btk\" data-brz-custom-id=\"uRqa2bU8a6g6\"><picture class=\"brz-picture brz-d-block brz-p-relative brz-css-d-image-urqa2bu8a6g6-picture brz-css-1g6jmk0\"><source srcset=\"https:\/\/alhafizoen.nl\/wp-content\/uploads\/2026\/02\/Hoe-het-begon.png 1x, https:\/\/alhafizoen.nl\/wp-content\/uploads\/2026\/02\/Hoe-het-begon.png 2x\" media=\"(min-width: 992px)\"><source srcset=\"https:\/\/alhafizoen.nl\/wp-content\/uploads\/2026\/02\/Hoe-het-begon.png 1x, https:\/\/alhafizoen.nl\/wp-content\/uploads\/2026\/02\/Hoe-het-begon.png 2x\" media=\"(min-width: 768px)\"><img decoding=\"async\" class=\"brz-img\" srcset=\"https:\/\/alhafizoen.nl\/wp-content\/uploads\/2026\/02\/Hoe-het-begon.png 1x, https:\/\/alhafizoen.nl\/wp-content\/uploads\/2026\/02\/Hoe-het-begon.png 2x\" src=\"https:\/\/alhafizoen.nl\/wp-content\/uploads\/2026\/02\/Hoe-het-begon.png\" loading=\"lazy\" alt=\"{{brizy_dc_image_alt imageSrc=\"wp-645f4db2566160fa16fc45ddc83c644e.png\"}}\" title=\"\" draggable=\"false\"><\/picture><\/div>\n<\/div>\n<\/div>\n<\/div>\n<\/div>\n<\/div>\n<div id=\"\" class=\"brz-css-d-wrapper brz-css-zzf1e5 brz-wrapper\">\n<div class=\"brz-rich-text brz-rich-text__custom brz-css-d-richtext brz-css-10gz7hh\" data-brz-custom-id=\"lQXbTjR4i4hY\">\n<div data-brz-translate-text=\"1\">\n<p class=\"brz-fsft-lg-0 brz-fwdth-lg-100 brz-vfw-lg-400 brz-lh-lg-1_9 brz-ls-lg-0 brz-fw-lg-400 brz-fss-lg-px brz-fs-lg-20 brz-ft-google brz-ff-lobster brz-text-lg-center brz-tp-lg-empty brz-css-sVQOF\" data-generated-css=\"brz-css-mbDOK\" data-uniq-id=\"gzeRj\"><strong class=\"brz-bold-true brz-cp-color7\" style=\"color: rgb(20, 19, 19);\">\u201cVoor elke intentie is er beloning naar wat men heeft bedoeld.\u201d<\/strong><\/p>\n<p class=\"ql-align-center brz-tp-lg-paragraph brz-css-eEPCc\" data-generated-css=\"brz-css-fP5yq\" data-uniq-id=\"sXPD0\"><\/p>\n<p class=\"brz-tp-lg-paragraph brz-css-yUQ8d\" data-generated-css=\"brz-css-kdGsX\" data-uniq-id=\"cmoyu\"><\/p>\n<\/div>\n<\/div>\n<\/div>\n<\/div>\n<\/div>\n<\/section><\/div>\n<p><!-- version:1771088385 --><\/p>\n","protected":false},"excerpt":{"rendered":"<p>Inspiration is the key, Jannah is the goal Het ontstaan van al-\u1e24\u0101fi\u017coen In de nacht van Shab-e-bar\u0101t 1446 AH (15 februari 2025) zijn wij met drie broeders (Rashid Karimoeddin, Wahied Amirkhan en Rahied Amirkhan) begonnen met het idee voor het posten van content voor Rama\u1e0d\u0101n. Voor we het wisten waren we al druk bezig met [&hellip;]<\/p>\n","protected":false},"author":1,"featured_media":0,"parent":63,"menu_order":0,"comment_status":"closed","ping_status":"closed","template":"","meta":{"footnotes":""},"class_list":["post-469","page","type-page","status-publish","hentry"],"blocksy_meta":{"has_hero_section":"disabled","page_structure_type":"default","disable_featured_image":"yes","disable_share_box":"yes","background":{"background_type":"color","background_pattern":"type-1","background_image":{"attachment_id":null,"x":0,"y":0},"gradient":"linear-gradient(135deg,rgba(6,147,227,1) 0%,rgb(155,81,224) 100%)","background_repeat":"repeat","background_size":"auto","background_attachment":"scroll","patternColor":{"default":{"color":"#e5e7ea"}},"overlayColor":{"default":{"color":"CT_CSS_SKIP_RULE"}},"backgroundColor":{"default":{"color":"CT_CSS_SKIP_RULE"}}},"styles_descriptor":{"styles":{"desktop":"","tablet":"","mobile":""},"google_fonts":[],"version":6}},"yoast_head":"<!-- This site is optimized with the Yoast SEO plugin v27.1.1 - https:\/\/yoast.com\/product\/yoast-seo-wordpress\/ -->\n<title>Het ontstaan van al-\u1e24\u0101fi\u017coen - Al-Hafizoen<\/title>\n<meta name=\"robots\" content=\"index, follow, max-snippet:-1, max-image-preview:large, max-video-preview:-1\" \/>\n<link rel=\"canonical\" href=\"https:\/\/alhafizoen.nl\/index.php\/over-ons\/test\/\" \/>\n<meta property=\"og:locale\" content=\"nl_NL\" \/>\n<meta property=\"og:type\" content=\"article\" \/>\n<meta property=\"og:title\" content=\"Het ontstaan van al-\u1e24\u0101fi\u017coen - Al-Hafizoen\" \/>\n<meta property=\"og:description\" content=\"Inspiration is the key, Jannah is the goal Het ontstaan van al-\u1e24\u0101fi\u017coen In de nacht van Shab-e-bar\u0101t 1446 AH (15 februari 2025) zijn wij met drie broeders (Rashid Karimoeddin, Wahied Amirkhan en Rahied Amirkhan) begonnen met het idee voor het posten van content voor Rama\u1e0d\u0101n. Voor we het wisten waren we al druk bezig met [&hellip;]\" \/>\n<meta property=\"og:url\" content=\"https:\/\/alhafizoen.nl\/index.php\/over-ons\/test\/\" \/>\n<meta property=\"og:site_name\" content=\"Al-Hafizoen\" \/>\n<meta property=\"article:publisher\" content=\"https:\/\/www.facebook.com\/groups\/alhafizoen\" \/>\n<meta property=\"article:modified_time\" content=\"2026-02-14T16:59:45+00:00\" \/>\n<meta property=\"og:image\" content=\"https:\/\/alhafizoen.nl\/wp-content\/uploads\/2026\/02\/Hoe-het-begon.png\" \/>\n<meta name=\"twitter:card\" content=\"summary_large_image\" \/>\n<meta name=\"twitter:label1\" content=\"Geschatte leestijd\" \/>\n\t<meta name=\"twitter:data1\" content=\"1 minuut\" \/>\n<script type=\"application\/ld+json\" class=\"yoast-schema-graph\">{\"@context\":\"https:\/\/schema.org\",\"@graph\":[{\"@type\":\"WebPage\",\"@id\":\"https:\/\/alhafizoen.nl\/index.php\/over-ons\/test\/\",\"url\":\"https:\/\/alhafizoen.nl\/index.php\/over-ons\/test\/\",\"name\":\"Het ontstaan van al-\u1e24\u0101fi\u017coen - Al-Hafizoen\",\"isPartOf\":{\"@id\":\"https:\/\/alhafizoen.nl\/#website\"},\"primaryImageOfPage\":{\"@id\":\"https:\/\/alhafizoen.nl\/index.php\/over-ons\/test\/#primaryimage\"},\"image\":{\"@id\":\"https:\/\/alhafizoen.nl\/index.php\/over-ons\/test\/#primaryimage\"},\"thumbnailUrl\":\"https:\/\/alhafizoen.nl\/wp-content\/uploads\/2026\/02\/Hoe-het-begon.png\",\"datePublished\":\"2025-12-22T00:55:36+00:00\",\"dateModified\":\"2026-02-14T16:59:45+00:00\",\"breadcrumb\":{\"@id\":\"https:\/\/alhafizoen.nl\/index.php\/over-ons\/test\/#breadcrumb\"},\"inLanguage\":\"nl-NL\",\"potentialAction\":[{\"@type\":\"ReadAction\",\"target\":[\"https:\/\/alhafizoen.nl\/index.php\/over-ons\/test\/\"]}]},{\"@type\":\"ImageObject\",\"inLanguage\":\"nl-NL\",\"@id\":\"https:\/\/alhafizoen.nl\/index.php\/over-ons\/test\/#primaryimage\",\"url\":\"https:\/\/alhafizoen.nl\/wp-content\/uploads\/2026\/02\/Hoe-het-begon.png\",\"contentUrl\":\"https:\/\/alhafizoen.nl\/wp-content\/uploads\/2026\/02\/Hoe-het-begon.png\",\"width\":950,\"height\":753},{\"@type\":\"BreadcrumbList\",\"@id\":\"https:\/\/alhafizoen.nl\/index.php\/over-ons\/test\/#breadcrumb\",\"itemListElement\":[{\"@type\":\"ListItem\",\"position\":1,\"name\":\"Home\",\"item\":\"https:\/\/alhafizoen.nl\/\"},{\"@type\":\"ListItem\",\"position\":2,\"name\":\"Over Ons\",\"item\":\"https:\/\/alhafizoen.nl\/index.php\/over-ons\/\"},{\"@type\":\"ListItem\",\"position\":3,\"name\":\"Het ontstaan van al-\u1e24\u0101fi\u017coen\"}]},{\"@type\":\"WebSite\",\"@id\":\"https:\/\/alhafizoen.nl\/#website\",\"url\":\"https:\/\/alhafizoen.nl\/\",\"name\":\"Al-Hafizoen\",\"description\":\"\",\"publisher\":{\"@id\":\"https:\/\/alhafizoen.nl\/#organization\"},\"potentialAction\":[{\"@type\":\"SearchAction\",\"target\":{\"@type\":\"EntryPoint\",\"urlTemplate\":\"https:\/\/alhafizoen.nl\/?s={search_term_string}\"},\"query-input\":{\"@type\":\"PropertyValueSpecification\",\"valueRequired\":true,\"valueName\":\"search_term_string\"}}],\"inLanguage\":\"nl-NL\"},{\"@type\":\"Organization\",\"@id\":\"https:\/\/alhafizoen.nl\/#organization\",\"name\":\"Al-Hafizoen\",\"url\":\"https:\/\/alhafizoen.nl\/\",\"logo\":{\"@type\":\"ImageObject\",\"inLanguage\":\"nl-NL\",\"@id\":\"https:\/\/alhafizoen.nl\/#\/schema\/logo\/image\/\",\"url\":\"https:\/\/alhafizoen.nl\/wp-content\/uploads\/2026\/02\/Logo_Al-\u1e24aFizoen_-_8_20260226_222109_0000-removebg-preview.png\",\"contentUrl\":\"https:\/\/alhafizoen.nl\/wp-content\/uploads\/2026\/02\/Logo_Al-\u1e24aFizoen_-_8_20260226_222109_0000-removebg-preview.png\",\"width\":2000,\"height\":2000,\"caption\":\"Al-Hafizoen\"},\"image\":{\"@id\":\"https:\/\/alhafizoen.nl\/#\/schema\/logo\/image\/\"},\"sameAs\":[\"https:\/\/www.facebook.com\/groups\/alhafizoen\",\"https:\/\/www.tiktok.com\/@alhafizoen?_r=1&_t=ZG-921hmFSkYNN\",\"https:\/\/www.youtube.com\/@alhafizoen?si=NiE6Q0pUq4_h3LP_\"]}]}<\/script>\n<!-- \/ Yoast SEO plugin. -->","yoast_head_json":{"title":"Het ontstaan van al-\u1e24\u0101fi\u017coen - Al-Hafizoen","robots":{"index":"index","follow":"follow","max-snippet":"max-snippet:-1","max-image-preview":"max-image-preview:large","max-video-preview":"max-video-preview:-1"},"canonical":"https:\/\/alhafizoen.nl\/index.php\/over-ons\/test\/","og_locale":"nl_NL","og_type":"article","og_title":"Het ontstaan van al-\u1e24\u0101fi\u017coen - Al-Hafizoen","og_description":"Inspiration is the key, Jannah is the goal Het ontstaan van al-\u1e24\u0101fi\u017coen In de nacht van Shab-e-bar\u0101t 1446 AH (15 februari 2025) zijn wij met drie broeders (Rashid Karimoeddin, Wahied Amirkhan en Rahied Amirkhan) begonnen met het idee voor het posten van content voor Rama\u1e0d\u0101n. Voor we het wisten waren we al druk bezig met [&hellip;]","og_url":"https:\/\/alhafizoen.nl\/index.php\/over-ons\/test\/","og_site_name":"Al-Hafizoen","article_publisher":"https:\/\/www.facebook.com\/groups\/alhafizoen","article_modified_time":"2026-02-14T16:59:45+00:00","og_image":[{"url":"https:\/\/alhafizoen.nl\/wp-content\/uploads\/2026\/02\/Hoe-het-begon.png","type":"","width":"","height":""}],"twitter_card":"summary_large_image","twitter_misc":{"Geschatte leestijd":"1 minuut"},"schema":{"@context":"https:\/\/schema.org","@graph":[{"@type":"WebPage","@id":"https:\/\/alhafizoen.nl\/index.php\/over-ons\/test\/","url":"https:\/\/alhafizoen.nl\/index.php\/over-ons\/test\/","name":"Het ontstaan van al-\u1e24\u0101fi\u017coen - Al-Hafizoen","isPartOf":{"@id":"https:\/\/alhafizoen.nl\/#website"},"primaryImageOfPage":{"@id":"https:\/\/alhafizoen.nl\/index.php\/over-ons\/test\/#primaryimage"},"image":{"@id":"https:\/\/alhafizoen.nl\/index.php\/over-ons\/test\/#primaryimage"},"thumbnailUrl":"https:\/\/alhafizoen.nl\/wp-content\/uploads\/2026\/02\/Hoe-het-begon.png","datePublished":"2025-12-22T00:55:36+00:00","dateModified":"2026-02-14T16:59:45+00:00","breadcrumb":{"@id":"https:\/\/alhafizoen.nl\/index.php\/over-ons\/test\/#breadcrumb"},"inLanguage":"nl-NL","potentialAction":[{"@type":"ReadAction","target":["https:\/\/alhafizoen.nl\/index.php\/over-ons\/test\/"]}]},{"@type":"ImageObject","inLanguage":"nl-NL","@id":"https:\/\/alhafizoen.nl\/index.php\/over-ons\/test\/#primaryimage","url":"https:\/\/alhafizoen.nl\/wp-content\/uploads\/2026\/02\/Hoe-het-begon.png","contentUrl":"https:\/\/alhafizoen.nl\/wp-content\/uploads\/2026\/02\/Hoe-het-begon.png","width":950,"height":753},{"@type":"BreadcrumbList","@id":"https:\/\/alhafizoen.nl\/index.php\/over-ons\/test\/#breadcrumb","itemListElement":[{"@type":"ListItem","position":1,"name":"Home","item":"https:\/\/alhafizoen.nl\/"},{"@type":"ListItem","position":2,"name":"Over Ons","item":"https:\/\/alhafizoen.nl\/index.php\/over-ons\/"},{"@type":"ListItem","position":3,"name":"Het ontstaan van al-\u1e24\u0101fi\u017coen"}]},{"@type":"WebSite","@id":"https:\/\/alhafizoen.nl\/#website","url":"https:\/\/alhafizoen.nl\/","name":"Al-Hafizoen","description":"","publisher":{"@id":"https:\/\/alhafizoen.nl\/#organization"},"potentialAction":[{"@type":"SearchAction","target":{"@type":"EntryPoint","urlTemplate":"https:\/\/alhafizoen.nl\/?s={search_term_string}"},"query-input":{"@type":"PropertyValueSpecification","valueRequired":true,"valueName":"search_term_string"}}],"inLanguage":"nl-NL"},{"@type":"Organization","@id":"https:\/\/alhafizoen.nl\/#organization","name":"Al-Hafizoen","url":"https:\/\/alhafizoen.nl\/","logo":{"@type":"ImageObject","inLanguage":"nl-NL","@id":"https:\/\/alhafizoen.nl\/#\/schema\/logo\/image\/","url":"https:\/\/alhafizoen.nl\/wp-content\/uploads\/2026\/02\/Logo_Al-\u1e24aFizoen_-_8_20260226_222109_0000-removebg-preview.png","contentUrl":"https:\/\/alhafizoen.nl\/wp-content\/uploads\/2026\/02\/Logo_Al-\u1e24aFizoen_-_8_20260226_222109_0000-removebg-preview.png","width":2000,"height":2000,"caption":"Al-Hafizoen"},"image":{"@id":"https:\/\/alhafizoen.nl\/#\/schema\/logo\/image\/"},"sameAs":["https:\/\/www.facebook.com\/groups\/alhafizoen","https:\/\/www.tiktok.com\/@alhafizoen?_r=1&_t=ZG-921hmFSkYNN","https:\/\/www.youtube.com\/@alhafizoen?si=NiE6Q0pUq4_h3LP_"]}]}},"brizy_media":[{"id":474,"url":"https:\/\/alhafizoen.nl\/wp-content\/uploads\/2025\/12\/pexels-monatrms-3074209-scaled.jpg","name":"pexels-monatrms-3074209.jpg","meta":{"brizy_attachment_uid":"wp-84b1ef6223f421fb9ab6a6546ea68fd0.jpg","brizy_post_uid":["3b27870af197cf7cf0c0cc45c4379620"]}},{"id":922,"url":"https:\/\/alhafizoen.nl\/wp-content\/uploads\/2026\/01\/Achtergrond.jpg","name":"Achtergrond.jpg","meta":{"brizy_attachment_uid":"wp-82c8103eb2713dbff84881c45a63e2a0.jpg","brizy_post_uid":["976fcf7d637e347b62db3b8c83533cb1","a06180a4c0527288806c1237c330406c","9b1b45c51a2ff69443a9c3cc9708aca8","46a7eb443abc96fb0af5cbd1194f8907","abbaecd418582f5d1b5bfe02303bc518","7a63fd5b34f6fcb7fa4278013705b99c","3b27870af197cf7cf0c0cc45c4379620","89ce32d3f77320f8bc7d051599331485","1177ab24058c769254af27823ab8f42e","ffa4e02fc8bc1de83fc1ec817162aa28","e5f4d46e07e7fd72b0ea571eed128ae8","9d862c0903a207414fac83bf475c75ce"]}},{"id":951,"url":"https:\/\/alhafizoen.nl\/wp-content\/uploads\/2026\/01\/Onstaan-Al-Hafizoen-1.jpg","name":"Onstaan-Al-Hafizoen-1.jpg","meta":{"brizy_attachment_uid":"wp-4edbe39c0f0a37d216cf293b7c74b9bb.jpg","brizy_post_uid":["3b27870af197cf7cf0c0cc45c4379620"]}},{"id":1431,"url":"https:\/\/alhafizoen.nl\/wp-content\/uploads\/2026\/02\/Hoe-het-begon.png","name":"Hoe-het-begon.png","meta":{"brizy_attachment_uid":"wp-645f4db2566160fa16fc45ddc83c644e.png","brizy_post_uid":["3b27870af197cf7cf0c0cc45c4379620"]}}],"_links":{"self":[{"href":"https:\/\/alhafizoen.nl\/index.php\/wp-json\/wp\/v2\/pages\/469","targetHints":{"allow":["GET"]}}],"collection":[{"href":"https:\/\/alhafizoen.nl\/index.php\/wp-json\/wp\/v2\/pages"}],"about":[{"href":"https:\/\/alhafizoen.nl\/index.php\/wp-json\/wp\/v2\/types\/page"}],"author":[{"embeddable":true,"href":"https:\/\/alhafizoen.nl\/index.php\/wp-json\/wp\/v2\/users\/1"}],"replies":[{"embeddable":true,"href":"https:\/\/alhafizoen.nl\/index.php\/wp-json\/wp\/v2\/comments?post=469"}],"version-history":[{"count":22,"href":"https:\/\/alhafizoen.nl\/index.php\/wp-json\/wp\/v2\/pages\/469\/revisions"}],"predecessor-version":[{"id":1461,"href":"https:\/\/alhafizoen.nl\/index.php\/wp-json\/wp\/v2\/pages\/469\/revisions\/1461"}],"up":[{"embeddable":true,"href":"https:\/\/alhafizoen.nl\/index.php\/wp-json\/wp\/v2\/pages\/63"}],"wp:attachment":[{"href":"https:\/\/alhafizoen.nl\/index.php\/wp-json\/wp\/v2\/media?parent=469"}],"curies":[{"name":"wp","href":"https:\/\/api.w.org\/{rel}","templated":true}]}}